 46003 prime?
False
Is 19054123 composite?
True
Is 3319703 prime?
True
Is 305050919 a composite number?
False
Is 603257 prime?
True
Is 19317659 a composite number?
False
Is 4505119 prime?
False
Is 25526977 prime?
False
Is 14462431 a prime number?
True
Is 74458021 composite?
True
Is 3444739 prime?
True
Is 21665299 prime?
False
Is 57207103 a prime number?
False
Is 1395551 composite?
False
Is 5706959 a prime number?
True
Is 72175313 a composite number?
True
Is 11754961 a composite number?
False
Is 2050453 a prime number?
False
Is 1738603 composite?
False
Is 1368229 composite?
False
Is 1072131 a prime number?
False
Is 4256269247 prime?
True
Is 3706237 prime?
False
Is 137291717 composite?
False
Is 85408603 a prime number?
False
Is 535819 composite?
True
Is 143681509 prime?
True
Is 42969623 composite?
False
Is 3865522 a prime number?
False
Is 3180407 a composite number?
False
Is 39289337 composite?
False
Is 51145297 prime?
False
Is 2699533 composite?
True
Is 2939369 a composite number?
True
Is 2193094355 a prime number?
False
Is 31735979 a prime number?
False
Is 1967935 a prime number?
False
Is 6963017 a composite number?
False
Is 385342189 prime?
True
Is 437015 prime?
False
Is 50752703 a prime number?
True
Is 951695543 composite?
False
Is 89128229 composite?
True
Is 310215013 prime?
False
Is 56967971 a prime number?
True
Is 8069027 a prime number?
False
Is 81409 a prime number?
True
Is 39583853 a prime number?
True
Is 34384901 a composite number?
False
Is 196800361 composite?
False
Is 32517451 composite?
True
Is 26321969 a prime number?
False
Is 48397057 a composite number?
False
Is 362699 composite?
True
Is 726197 a composite number?
True
Is 27406219 composite?
True
Is 17182535 a composite number?
True
Is 3613601 prime?
True
Is 923813 composite?
True
Is 5619511 composite?
False
Is 3055747 prime?
False
Is 54897761 prime?
True
Is 6045223 a prime number?
True
Is 44161003 prime?
True
Is 53723 composite?
True
Is 25414447 a composite number?
False
Is 98154139 a prime number?
True
Is 671003 composite?
False
Is 701783 a prime number?
True
Is 725563 a prime number?
False
Is 59844733 a prime number?
False
Is 4708267 prime?
True
Is 26947537 a composite number?
True
Is 1371611 composite?
True
Is 9902239 a composite number?
False
Is 17072449 a composite number?
False
Is 110055217 composite?
True
Is 11478287 a prime number?
False
Is 22118807 a composite number?
False
Is 1510793 composite?
True
Is 109326827 a composite number?
False
Is 6378487 a composite number?
False
Is 7956661 a composite number?
False
Is 169096271 composite?
True
Is 165084701 composite?
True
Is 11476709 a prime number?
True
Is 159481851 prime?
False
Is 2511787 composite?
True
Is 2397991 a prime number?
True
Is 2042867 prime?
False
Is 9138323 prime?
True
Is 51420247 a prime number?
True
Is 117308357 composite?
True
Is 58896661 a prime number?
False
Is 365032001 composite?
False
Is 672697 composite?
True
Is 9922079 a composite number?
True
Is 55305155 prime?
False
Is 742254271 a composite number?
True
Is 1475791 prime?
False
Is 628777 composite?
True
Is 453737 composite?
False
Is 11950537 a prime number?
True
Is 2606018 a composite number?
True
Is 696741173 a composite number?
False
Is 1103779 prime?
True
Is 57372433 composite?
True
Is 739387 composite?
True
Is 7077817 prime?
False
Is 15148673 a composite number?
False
Is 3229463 composite?
False
Is 8156602 a composite number?
True
Is 4996169 prime?
True
Is 73223 a composite number?
True
Is 186321653 composite?
True
Is 1552301 composite?
True
Is 101867459 a composite number?
True
Is 1307567 composite?
True
Is 15796939 a prime number?
True
Is 1239269 a prime number?
True
Is 9785719 composite?
False
Is 4271261 a prime number?
False
Is 48256681 a composite number?
True
Is 699977591 prime?
True
Is 289907 composite?
True
Is 412466803 a prime number?
False
Is 53607383 composite?
False
Is 23542243 a composite number?
False
Is 1867721 prime?
False
Is 11381201 a prime number?
False
Is 972721 composite?
False
Is 18286253 a prime number?
True
Is 1220337155 a prime number?
False
Is 1763519 prime?
False
Is 343763729 a prime number?
True
Is 24540521 prime?
False
Is 1197196811 a composite number?
True
Is 1181309 prime?
True
Is 429991 a composite number?
False
Is 64927139 prime?
False
Is 2173187 composite?
True
Is 15982651 a composite number?
True
Is 9668309 a prime number?
False
Is 40860769 composite?
True
Is 2026889 a prime number?
True
Is 21993007 composite?
False
Is 32498293 a composite number?
False
Is 9671511 a prime number?
False
Is 174058543 a composite number?
True
Is 651209527 a composite number?
True
Is 3106083 a prime number?
False
Is 473887 prime?
True
Is 2999467 a composite number?
True
Is 54511117 composite?
True
Is 30574067 composite?
False
Is 303594301 composite?
True
Is 27099861 a composite number?
True
Is 23479459 a composite number?
True
Is 59205031 prime?
True
Is 10025767 composite?
True
Is 19728391 prime?
False
Is 120112651 a prime number?
True
Is 14435657 prime?
True
Is 1697093 a prime number?
False
Is 183830389 prime?
False
Is 1222553 prime?
False
Is 9322169 composite?
False
Is 33121241 a composite number?
True
Is 3982931 prime?
True
Is 5718763 composite?
False
Is 179353169 composite?
True
Is 5305823 a composite number?
False
Is 6999653 a prime number?
False
Is 221529489 prime?
False
Is 847540033 a composite number?
True
Is 260487723 prime?
False
Is 1995943 a prime number?
False
Is 20437529 prime?
False
Is 547882 prime?
False
Is 134032343 a prime number?
False
Is 6911917 a composite number?
False
Is 270849991 a prime number?
False
Is 67254809 a prime number?
True
Is 1771907 a prime number?
False
Is 1093519 prime?
False
Is 8418031 prime?
True
Is 871517 prime?
True
Is 3835993 a composite number?
True
Is 49932543 a prime number?
False
Is 2534317 a composite number?
False
Is 129524711 a prime number?
True
Is 18217453 a composite number?
False
Is 61371029 composite?
False
Is 196346077 a composite number?
False
Is 2388427 prime?
False
Is 1707707 composite?
False
Is 351229 a composite number?
False
Is 70489087 a prime number?
True
Is 537826309 prime?
True
Is 29837261 prime?
False
Is 1279559029 prime?
False
Is 3689689 prime?
True
Is 14852489 a prime number?
True
Is 84124477 prime?
True
Is 46842437 a prime number?
False
Is 10842773 a prime number?
True
Is 2707427 prime?
False
Is 13974667 a prime number?
False
Is 1968871 a composite number?
False
Is 15009247 a composite number?
True
Is 182806903 a prime number?
False
Is 362281 composite?
False
Is 99785209 a composite number?
False
Is 1169939 composite?
False
Is 1939907 composite?
True
Is 12855371 a composite number?
False
Is 8814283 prime?
True
Is 905327 composite?
True
Is 26797403 a composite number?
False
Is 564391 composite?
False
Is 262253 prime?
True
Is 16051697 prime?
True
Is 660651 composite?
True
Is 5809631 composite?
True
Is 23479007 a prime number?
True
Is 251647027 composite?
True
Is 221920459 a prime number?
True
Is 342856667 prime?
True
Is 1438527 a prime number?
False
Is 70688843 composite?
False
Is 9758711 a prime number?
False
Is 1492927 composite?
True
Is 3534499 composite?
True
Is 52539433 a composite number?
False
Is 66013 a prime number?
False
Is 32858967 composite?
True
Is 153977701 a composite number?
False
Is 8921911 a prime number?
True
Is 9337283 prime?
False
Is 40254949 a composite number?
True
Is 3049967 composite?
False
Is 237470991 a composite number?
True
Is 109812349 a composite number?
False
Is 1888589 a composite number?
True
Is 35290579 composite?
True
Is 116776391 a prime number?
True
Is 35968087 a composite number?
False
Is 17966411 a prime number?
True
Is 67029647 prime?
False
Is 173741549 a prime number?
True
Is 26627 prime?
True
Is 203063 prime?
False
Is 49785107 composite?
False
Is 2233709 composite?
False
Is 88929655 composite?
True
Is 2494589 prime?
True
Is 10904779 a prime number?
True
Is 23390509 a composite number?
False
Is 7856569 a prime number?
False
Is 457537 a prime number?
False
Is 24735497 prime?
True
Is 182395 a prime number?
False
Is 6714041 a composite number?
False
Is 99798833 a prime number?
True
Is 949447 prime?
False
Is 9078673 prime?
True
Is 4250641 a composite number?
True
Is 27840233 a composite number?
False
Is 4230719 a prime n